 p(-10).
-44
Let d(c) = c**3 - 4*c**2 - 3*c - 23. What is d(5)?
-13
Let q(k) = 5*k**3 - 2*k**2 - k - 1. What is q(-2)?
-47
Let o(j) = j**2 + 15*j + 15. Determine o(-10).
-35
Let f(z) = -78*z - 394. Determine f(-5).
-4
Let g(a) = a**2 - 12*a - 18. Give g(13).
-5
Let f(s) = s + 3. What is f(5)?
8
Let g(s) = -41*s**3 + s**2 + s. Determine g(-1).
41
Let m(z) = -3*z + 2. Determine m(3).
-7
Let w(t) = -3*t - 10. Calculate w(-9).
17
Let s(b) = -11*b - 37. Give s(-1).
-26
Let r(q) = -q**2 - 12*q + 12. Calculate r(-11).
23
Let d(g) = -2*g + 15. Give d(9).
-3
Let c(f) = -29*f + 487. Give c(17).
-6
Let h(a) = a**3 - 4*a**2 + 3*a - 5. Determine h(3).
-5
Let u(m) = 2*m**2 + 10*m - 15. Give u(-6).
-3
Let m(u) = -u**2 + 43. Calculate m(0).
43
Let o(d) = d**3 - 7*d**2 + d - 2. Calculate o(6).
-32
Let k(f) = -f - 40. Determine k(-9).
-31
Let b(a) = 5*a + 3. Determine b(1).
8
Let q(t) = -t**2 - 17*t + 48. Calculate q(-20).
-12
Let v(a) = a**3 - 8*a**2 + 14*a - 8. Give v(6).
4
Let k(r) = r**2 - 14*r + 12. Calculate k(11).
-21
Let d(r) = -3*r + 5. Calculate d(5).
-10
Let o(f) = -f**3 + 1. What is o(-2)?
9
Let q(d) = 26*d + 22. Calculate q(3).
100
Let x(z) = -z**2 - 18*z - 10. What is x(-19)?
-29
Let d(c) = -29*c**2 - c + 1. Calculate d(1).
-29
Let u(x) = -x**3 - 7*x**2 + 2*x - 7. What is u(-7)?
-21
Let x(f) = 45*f - 232. What is x(5)?
-7
Let m(w) = -2*w**3 - 49*w**2 + 23*w - 54. What is m(-25)?
-4
Let f(j) = 8*j - 401. What is f(47)?
-25
Let z(o) = o**2 + o - 6. What is z(-4)?
6
Let c(v) = -v**2 - 9*v + 14. What is c(-10)?
4
Let l(b) = -8*b + 87. Calculate l(9).
15
Let q(g) = g**2 - 18*g - 80. Give q(-4).
8
Let x(l) = -l**2 - 7*l - 6. What is x(-2)?
4
Let m(q) = 2*q + 27. Determine m(-13).
1
Let y(v) = 6*v + 113. What is y(-20)?
-7
Let u(p) = p**2 + 5*p - 5. What is u(-4)?
-9
Let o(b) = -28*b + 34. Calculate o(2).
-22
Let k(t) = 5*t - 1. What is k(0)?
-1
Let t(u) = -u**2 - 12*u - 3. What is t(-10)?
17
Let d(q) = 24*q + 10. Calculate d(-4).
-86
Let p(g) = -9*g**2 - 8*g - 6. Give p(-1).
-7
Let c(n) = -6*n + 63. What is c(14)?
-21
Let v(o) = 3*o**2 + 20*o + 2. Calculate v(-6).
-10
Let m(s) = -s + 9. Calculate m(-4).
13
Let p(y) = 2*y + 6. Give p(3).
12
Let y(b) = -2*b**3 + b**2 + 3. Calculate y(3).
-42
Let p(r) = -r**2 - 9*r - 7. Calculate p(-7).
7
Let n(r) = r**3 - 5*r**2 + r + 13. Calculate n(6).
55
Let q(u) = -u**3 - 9*u**2 - 10*u + 19. Calculate q(-7).
-9
Let w(k) = 5*k - 47. Calculate w(10).
3
Let l(h) = -2*h**2 + 11*h + 5. What is l(6)?
-1
Let p(u) = -u**3 + 2*u**2 + 12*u - 11. Determine p(4).
5
Let t(l) = -7*l + 47. What is t(8)?
-9
Let u(g) = -g**2 + 2*g + 9. Calculate u(0).
9
Let v(g) = -2*g + 68. Give v(29).
10
Let p(b) = b**3 + 6*b**2 + 6*b + 14. Give p(-6).
-22
Let s(j) = 7*j**2 + 10*j - 11. What is s(1)?
6
Let g(v) = 2*v**2 - 3*v - 49. What is g(6)?
5
Let f(l) = 10*l - 12. Calculate f(1).
-2
Let w(k) = -2*k**3 - 16*k**2 + 10. Determine w(-8).
10
Let o(i) = -i**2 - 4*i - 4. What is o(-5)?
-9
Let v(z) = 21*z - 1. Give v(-1).
-22
Let o(t) = -t**2 - 6*t + 36. What is o(-7)?
29
Let i(z) = -z**3 - 5*z**2 + 8*z + 6. What is i(-6)?
-6
Let k(h) = -21*h + 3. Calculate k(1).
-18
Let p(b) = -b**3 + 21*b**2 + 25*b - 53. Calculate p(22).
13
Let t(l) = 2*l - 2. What is t(-2)?
-6
Let s(v) = -v**3 + 5*v**2 - 4*v - 5. What is s(4)?
-5
Let w(l) = 26*l + 10. Calculate w(-1).
-16
Let a(i) = -159*i - 158. Calculate a(-1).
1
Let v(k) = -4*k**2 - k + 4. Give v(-2).
-10
Let v(o) = -2*o**2 - 50*o - 21. Give v(-25).
-21
Let w(v) = -2*v**2 + v + 1. What is w(-2)?
-9
Let x(w) = w**3 - 7*w**2 - 5*w + 19. Determine x(8).
43
Let y(w) = -2*w - 17. Determine y(-13).
9
Let j(q) = -q**2 - q + 5. Determine j(0).
5
Let z(a) = a**3 + 8*a**2 + 17*a + 11. Determine z(-6).
-19
Let w(s) = -3*s**2 - 2*s + 3. Give w(-3).
-18
Let c(m) = -m**3 - 10*m**2 - 11*m + 5. Give c(-9).
23
Let r(s) = 14*s**3 + 1. What is r(1)?
15
Let m(c) = 5*c - 21. Determine m(-10).
-71
Let i(x) = -3*x**3 + x**2 + x - 2. Determine i(2).
-20
Let a(b) = -b**2 - 5*b + 7. Give a(-6).
1
Let a(d) = 3*d - 8. Calculate a(6).
10
Let z(s) = s**2 - 12*s - 26. Give z(14).
2
Let q(m) = -11*m - 2. Determine q(5).
-57
Let l(n) = n**3 + 2*n**2 + 3*n + 11. What is l(-3)?
-7
Let d(p) = -3*p**3 - 2*p**2 + p + 2. Determine d(-2).
16
Let i(j) = -9*j + 159. Calculate i(18).
-3
Let c(m) = 71*m - 151. Determine c(2).
-9
Let z(m) = m**3 + 13*m**2 + 8*m - 50. Determine z(-12).
-2
Let b(c) = c. Calculate b(-4).
-4
Let s(g) = -5*g**3 + g**2 + 2*g. Determine s(2).
-32
Let s(y) = y**3 + 21*y**2 + 4*y + 69. What is s(-21)?
-15
Let a(i) = -14*i + 49. What is a(3)?
7
Let o(h) = 30*h + 5. Give o(-2).
-55
Let n(h) = h**2 + 4*h - 122. What is n(-15)?
43
Let v(o) = -58*o**2 - 2*o - 1. Calculate v(-1).
-57
Let i(m) = -m. Determine i(16).
-16
Let u(j) = j**2 - 39. What is u(-6)?
-3
Let a(j) = 11*j**3 - 2*j - 2. What is a(-1)?
-11
Let z(g) = -g - 2. Give z(0).
-2
Let h(z) = 5*z - 3. Give h(-6).
-33
Let a(h) = -h**3 + 10*h**2 - 14*h + 12. What is a(8)?
28
Let o(i) = -i + 26. Calculate o(5).
21
Let y(u) = 2*u**2 - 10*u - 26. Calculate y(-2).
2
Let c(n) = n**3 + 22*n**2 + 19*n - 46. Determine c(-21).
-4
Let c(z) = -z - 10. Determine c(-2).
-8
Let p(u) = -14*u + 77. What is p(5)?
7
Let j(f) = -2*f**2 - 3*f + 53. What is j(5)?
-12
Let m(i) = -i**3 + 14*i + 10. Calculate m(0).
10
Let h(g) = -13*g + 2. Calculate h(2).
-24
Let m(h) = -h**2 - 3*h - 1. Calculate m(3).
-19
Let b(q) = -8*q + 5. Calculate b(7).
-51
Let p(z) = -z**3 + 6*z**2 - 4*z + 29. Determine p(7).
-48
Let b(g) = -g**2 - 20*g + 10. What is b(-20)?
10
Let d(b) = 2*b**2 - 2*b - 16. Determine d(4).
8
Let q(c) = c**3 + 17*c**2 + 7. What is q(-17)?
7
Let h(m) = 4*m + 7. Calculate h(-4).
-9
Let y(q) = -q**3 + 8*q**2 - 13*q. Calculate y(6).
-6
Let v(n) = n**3 - 7*n**2 + 5*n + 4. Calculate v(6).
-2
Let g(d) = -36*d + 13. Give g(0).
13
Let c(g) = g + 23. Calculate c(-15).
8
Let m(q) = q**2 + 12*q - 9. Determine m(-12).
-9
Let h(u) = -4*u. Give h(-3).
12
Let d(t) = -2*t**3 - 2*t**2 - 2*t - 24. Determine d(0).
-24
Let b(s) = -s. Determine b(-6).
6
Let x(r) = -3*r**2 + 38*r - 102. Calculate x(9).
-3
Let h(o) = -o + 37. Calculate h(31).
6
Let a(h) = -2*h + 11. Determine a(16).
-21
Let z(l) = l + 9. Give z(7).
16
Let w(c) = 8*c + 3. Calculate w(-6).
-45
Let b(x) = x**2 - 12*x + 22. Give b(9).
-5
Let x(s) = s - 11. What is x(0)?
-11
Let t(v) = -5*v + 84. Give t(16).
4
Let y(x) = -2*x + 60. What is y(31)?
-2
Let s(n) = 2*n**3 + 3*n**2 + n - 4. Determine s(-3).
-34
Let z(x) = -x**2 - 18*x - 29. What is z(-5)?
36
Let a(b) = -b**2 + 34*b - 35. Calculate a(28).
133
Let x(y) = y**3 + 9*y**2 + 3*y + 21. Calculate x(-9).
-6
Let t(b) = 80*b - 400. Give t(5).
0
Let a(f) = f - 34. Calculate a(17).
-17
Let h(y) = -17*y - 441. Calculate h(-26).
1
Let v(p) = -7*p**2 - 13*p + 11. What is v(-4)?
-49
Let k(g) = 3*g**2 + 2*g - 1. Calculate k(-2).
7
Let d(m) = -24*m + 9. Determine d(3).
-63
Let s(p) = -p**3 - 6*p**2 - 9*p - 10. Give s(-4).
-6
Let y(n) = n**3 - 18*n**2 + 31*n + 1. What is y(16)?
-15
Let t(m) = -4*m + 138. Calculate t(33).
6
Let a(u) = u**2 - 8*u - 10. What is a(7)?
-17
Let u(l) = -l**3 + 10*l**2 + 13*l - 27. Give u(11).
-5
Let t(o) = -o**2 - 14*o + 17. Calculate t(-6).
65
Let u(b) = b**3 + 3*b**2 - 2*b + 1. Determine u(-2).
9
Let h(y) = y - 19. What is h(13)?
-6
Let l(b) = 6*b**2 + 6*b - 9. Give l(-4).
63
Let r(d) = -d**3 + d**2 - d + 8. Calculate r(0).
8
Let g(s) = s**3 - 14*s**2 + 14*s - 12. Determine g(13).
1
Let o(a) = 2*a**2 - 19*a - 22. Give o(11).
11
Let q(p) = p**3 + 26*p**2 - 25*p + 28. Give q(-27).
-26
Let d(t) = -t**3 - 3*t**2 + 42*t - 10. What is d(5)?
0
Let z(p) = 3*p**2 + 35*p - 50. Determine z(-13).
2
Let k(m) = -5*m - 167. What is k(-32)?
-7
Let o(q) = q**3 - 2*q**2 - 4*q - 5. Calculate o(4).
11
Let j(m) = 2*m**3 - 9*m**2 + 4*m - 4. What is j(4)?
-4
Let p(q) = q**3 - q**2 + q + 24. What is p(0)?
24
Let z(j) = -13*j - 2. Determine z(-5).
63
Let t(m) = -m**3 + 4*m**2 + 9*m + 6. Give t(6).
-12
Let u(w) = 32*w**3 - w**2. Determine u(-1).
-33
Let q(m) = -m**2 + 11*m - 8. Give q(9).
10
Let v(x) = 45*x**3 - 3*x**2 + 2. What is v(-1)?
-46
Let g(r) = 2*r - 19. Determine g(11).
3
Let p(q) = 4*q**2 + 33*q + 12. Calculate p(-7).
-23
Let n(c) = 5*c. What is n(4)?
20
Let p(o) = o**2 + 6*o + 7. Determine p(-5).
2
Let 